 of 76623127?
7, 79, 138559
What are the prime factors of 27099735?
3, 5, 13, 31, 4483
List the prime factors of 151814856.
2, 3, 6325619
What are the prime factors of 2333388888?
2, 3, 4649, 6971
What are the prime factors of 164144181?
3, 1129, 48463
List the prime factors of 571063494.
2, 3, 101, 107, 8807
List the prime factors of 35203185.
3, 5, 109, 7177
List the prime factors of 104513153.
211, 495323
What are the prime factors of 768832801?
11, 71, 984421
List the prime factors of 808786.
2, 11, 97, 379
What are the prime factors of 247625686?
2, 7, 11, 83, 19373
List the prime factors of 2387632320.
2, 3, 5, 17, 48767
What are the prime factors of 52998504?
2, 3, 13, 37, 4591
List the prime factors of 52096926.
2, 3, 7, 31, 40013
List the prime factors of 956063601.
3, 35409763
List the prime factors of 173997482.
2, 17, 31, 165083
List the prime factors of 261746369.
261746369
What are the prime factors of 547038610?
2, 5, 54703861
List the prime factors of 82951854.
2, 3, 37, 373657
List the prime factors of 67782872.
2, 8472859
List the prime factors of 323651493.
3, 11, 3269207
What are the prime factors of 21980469?
3, 7, 41, 521
List the prime factors of 269572883.
269572883
What are the prime factors of 159656905?
5, 19, 131, 12829
What are the prime factors of 696365408?
2, 79, 275461
List the prime factors of 44950520.
2, 5, 457, 2459
What are the prime factors of 3307756663?
983, 3364961
What are the prime factors of 91338454?
2, 45669227
List the prime factors of 62833818.
2, 3, 151, 223, 311
List the prime factors of 430636067.
430636067
What are the prime factors of 2214269160?
2, 3, 5, 18452243
List the prime factors of 96868100.
2, 5, 7, 53, 373
List the prime factors of 103318222.
2, 7, 7379873
What are the prime factors of 38138567?
19, 29, 3643
What are the prime factors of 35242511?
19, 29, 167, 383
List the prime factors of 2538971011.
1543, 1645477
List the prime factors of 42468407.
73, 107, 5437
What are the prime factors of 130752090?
2, 3, 5, 7, 9883
List the prime factors of 683524976.
2, 37, 1154603
List the prime factors of 27054209.
7, 13, 211, 1409
What are the prime factors of 138085650?
2, 3, 5, 306857
List the prime factors of 1899580107.
3, 59, 10732091
What are the prime factors of 64238863?
13, 67, 131, 563
List the prime factors of 3725769195.
3, 5, 23, 47, 191, 401
List the prime factors of 729052299.
3, 27001937
List the prime factors of 121074405.
3, 5, 1811, 4457
List the prime factors of 264842541.
3, 17, 61, 1051
List the prime factors of 287212627.
13, 223, 7621
List the prime factors of 67471806.
2, 3, 29, 241, 1609
List the prime factors of 201193019.
127, 163, 9719
What are the prime factors of 35871788?
2, 8967947
What are the prime factors of 55532792?
2, 7, 71, 13967
List the prime factors of 295910423.
37, 7997579
What are the prime factors of 3310861764?
2, 3, 7, 263, 149867
List the prime factors of 99655269.
3, 7, 677927
List the prime factors of 128731871.
17, 31, 14369
What are the prime factors of 64296629?
149, 431521
What are the prime factors of 74529225?
3, 5, 331241
List the prime factors of 292925556.
2, 3, 7, 11, 105673
List the prime factors of 6265308.
2, 3, 7, 74587
What are the prime factors of 785110378?
2, 13, 30196553
What are the prime factors of 5987804507?
353, 397, 42727
What are the prime factors of 2757175177?
19, 167, 277, 3137
What are the prime factors of 36551983?
13, 2811691
What are the prime factors of 594648702?
2, 3, 241, 5077
List the prime factors of 12289046.
2, 7, 11, 199, 401
List the prime factors of 5402136485.
5, 281, 383, 10039
List the prime factors of 1266670832.
2, 7, 79, 143159
List the prime factors of 70378611.
3, 2243, 10459
List the prime factors of 331551319.
11, 3919, 7691
List the prime factors of 1126158665.
5, 59, 1291, 2957
List the prime factors of 36779813.
7, 37, 142007
List the prime factors of 55801660.
2, 5, 113, 24691
List the prime factors of 921153354.
2, 3, 11, 2819, 4951
What are the prime factors of 148880757?
3, 919, 54001
What are the prime factors of 224398295?
5, 11, 43, 239, 397
List the prime factors of 7809522483.
3, 7, 409, 909247
List the prime factors of 1058795589.
3, 37, 109, 87511
List the prime factors of 846485001.
3, 37, 2541997
List the prime factors of 15844797.
3, 1760533
List the prime factors of 6571165494.
2, 3, 1095194249
What are the prime factors of 6725948455?
5, 151, 8908541
List the prime factors of 815368754.
2, 17321, 23537
What are the prime factors of 1078692285?
3, 5, 11, 809, 8081
What are the prime factors of 2007317737?
29, 69217853
What are the prime factors of 263316943?
131, 2010053
List the prime factors of 520143290.
2, 5, 52014329
What are the prime factors of 318980856?
2, 3, 151, 88019
List the prime factors of 3451199050.
2, 5, 13, 37, 143501
List the prime factors of 639038205.
3, 5, 13, 1092373
What are the prime factors of 287213979?
3, 13, 41, 337
What are the prime factors of 342958454?
2, 43, 191, 20879
List the prime factors of 339174875.
5, 13, 31, 6733
What are the prime factors of 1145253451?
41, 27933011
What are the prime factors of 8234863?
7, 13, 6961
What are the prime factors of 3706039?
3706039
List the prime factors of 33574845.
3, 5, 2238323
List the prime factors of 465634057.
7, 23, 43, 103, 653
List the prime factors of 166655960.
2, 5, 43, 96893
What are the prime factors of 4756239?
3, 23, 37
What are the prime factors of 170304013?
11, 79, 195977
List the prime factors of 540914862.
2, 3, 90152477
What are the prime factors of 994019341?
7, 29, 699521
List the prime factors of 5339293.
73, 73141
List the prime factors of 42106929.
3, 157, 89399
List the prime factors of 4371560243.
509, 8588527
List the prime factors of 31133783.
17, 1831399
List the prime factors of 3182872482.
2, 3, 1423, 13807
What are the prime factors of 162561833?
7, 229, 101411
What are the prime factors of 556658785?
5, 31, 149, 24103
What are the prime factors of 50990246?
2, 127, 367, 547
List the prime factors of 196008144.
2, 3, 227, 17989
List the prime factors of 2569657319.
229, 11221211
List the prime factors of 78974384.
2, 17, 290347
List the prime factors of 1351830.
2, 3, 5, 45061
List the prime factors of 150224658.
2, 3, 25037443
List the prime factors of 595653310.
2, 5, 7, 17, 23, 3109
List the prime factors of 1524924003.
3, 53, 401, 23917
What are the prime factors of 36168278?
2, 29, 623591
List the prime factors of 297448626.
2, 3, 17, 171539
What are the prime factors of 2204039082?
2, 3, 7, 1063, 49367
What are the prime factors of 971811271?
971811271
List the prime factors of 743867610.
2, 3, 5, 23, 37, 29137
What are the prime factors of 26766361?
31, 71, 12161
List the prime factors of 1609218676.
2, 13, 41, 58061
List the prime factors of 365112097.
7, 23, 43, 2293
List the prime factors of 86487840.
2, 3, 5, 17, 3533
List the prime factors of 5223558532.
2, 29, 283, 159119
List the prime factors of 3553382737.
36269, 97973
List the prime factors of 54733067.
103, 641, 829
What are the prime factors of 4404394460?
2, 5, 220219723
List the prime factors of 315381834.
2, 3, 61, 287233
List the prime factors of 78261261.
3, 13, 467, 4297
What are the prime factors of 247132575?
3, 5, 491, 2237
What are the prime factors of 11746135?
5, 337, 6971
List the prime factors of 61833170.
2, 5, 7, 883331
List the prime factors of 149357162.
2, 71, 1051811
What are the prime factors of 2638687021?
233, 919, 12323
List the prime factors of 1487577725.
5, 2063, 28843
What are the prime factors of 265691824?
2, 31, 535669
What are the prime factors of 119608502?
2, 13, 131, 35117
List the prime factors of 96400954.
2, 13, 233, 15913
List the prime factors of 9657972.
2, 3, 17, 43, 367
What are the prime factors of 4531166997?
3, 7, 673, 320609
What are the prime factors of 32721459?
3, 59, 223, 829
List the prime factors of 395874197.
395874197
List the prime factors of 376290846.
2, 3, 86029
List the prime factors of 26429556.
2, 3, 29, 173, 439
What are the prime factors of 7180504?
2, 897563
List the prime factors of 26645573.
83, 321031
What are the prime factors of 517782303?
3, 83, 693149
What are the prime factors of 2393690305?
5, 29, 16508209
List